e 3
-21002
-c (base 16) to base 12
-10
-22 (base 10) to base 9
-24
Convert -14 (base 16) to base 9.
-22
-3 (base 10) to base 13
-3
Convert -375 (base 8) to base 6.
-1101
What is 43 (base 7) in base 5?
111
Convert 74 (base 11) to base 4.
1101
c (base 15) to base 7
15
1c (base 16) to base 10
28
What is -10102 (base 4) in base 7?
-541
What is -1020 (base 3) in base 8?
-41
What is -3 (base 8) in base 13?
-3
What is c (base 14) in base 4?
30
1c (base 14) to base 5
101
2024 (base 5) to base 2
100001000
-12033 (base 4) to base 8
-617
What is 0 (base 2) in base 10?
0
-4 (base 5) to base 16
-4
What is -113 (base 9) in base 8?
-135
-3 (base 5) to base 11
-3
34 (base 6) to base 16
16
Convert 2 (base 8) to base 4.
2
Convert -8 (base 14) to base 3.
-22
What is -19 (base 14) in base 8?
-27
Convert 0 (base 10) to base 11.
0
What is -531 (base 6) in base 8?
-307
-163 (base 8) to base 12
-97
5 (base 10) to base 15
5
Convert -11 (base 2) to base 15.
-3
What is -4 (base 6) in base 15?
-4
Convert 2 (base 3) to base 2.
10
Convert -3 (base 11) to base 14.
-3
-13 (base 6) to base 9
-10
-2 (base 10) to base 5
-2
-16 (base 9) to base 2
-1111
Convert 121 (base 3) to base 2.
10000
13 (base 8) to base 6
15
-81 (base 16) to base 3
-11210
Convert -9 (base 16) to base 2.
-1001
Convert -5 (base 12) to base 6.
-5
-50 (base 7) to base 16
-23
What is -321 (base 7) in base 13?
-c6
-17 (base 16) to base 7
-32
Convert 1 (base 13) to base 14.
1
What is 78 (base 13) in base 10?
99
Convert 62 (base 8) to base 13.
3b
What is -34 (base 12) in base 13?
-31
What is -241 (base 5) in base 16?
-47
Convert 1d (base 15) to base 14.
20
What is -1000011 (base 2) in base 7?
-124
What is -16 (base 11) in base 5?
-32
Convert -1 (base 8) to base 15.
-1
Convert -23 (base 4) to base 16.
-b
11 (base 8) to base 3
100
What is 27 (base 11) in base 16?
1d
Convert 1 (base 14) to base 12.
1
Convert -120 (base 3) to base 14.
-11
What is -340 (base 6) in base 10?
-132
Convert 4 (base 10) to base 16.
4
Convert -4a (base 15) to base 13.
-55
Convert -13 (base 10) to base 14.
-d
What is 9 (base 10) in base 4?
21
What is -15 (base 15) in base 9?
-22
1003 (base 4) to base 7
124
What is -6 (base 16) in base 11?
-6
What is 4 (base 8) in base 13?
4
What is -a (base 11) in base 4?
-22
What is 160 (base 9) in base 7?
252
What is -10112 (base 3) in base 12?
-7b
What is 221 (base 6) in base 2?
1010101
What is 6 (base 13) in base 15?
6
18 (base 16) to base 3
220
Convert -a2 (base 14) to base 15.
-97
1 (base 13) to base 4
1
What is -8 (base 13) in base 9?
-8
What is 27 (base 9) in base 5?
100
31 (base 4) to base 5
23
What is 0 (base 3) in base 8?
0
What is 48 (base 15) in base 13?
53
What is 47 (base 10) in base 14?
35
115 (base 8) to base 14
57
What is -17 (base 13) in base 10?
-20
2 (base 15) to base 8
2
-3 (base 13) to base 12
-3
5 (base 8) to base 4
11
Convert 4 (base 8) to base 10.
4
What is 4 (base 9) in base 6?
4
3 (base 16) to base 13
3
Convert -31 (base 8) to base 15.
-1a
-13 (base 10) to base 3
-111
What is -25 (base 9) in base 3?
-212
What is -3 (base 14) in base 9?
-3
9 (base 10) to base 16
9
Convert -2 (base 6) to base 14.
-2
Convert -3 (base 12) to base 10.
-3
Convert 3023 (base 4) to base 8.
313
Convert -1aa (base 12) to base 5.
-2044
Convert 42 (base 6) to base 2.
11010
155 (base 10) to base 15
a5
0 (base 15) to base 14
0
Convert -31 (base 11) to base 5.
-114
What is 9b (base 16) in base 11?
131
What is -302 (base 4) in base 2?
-110010
Convert -20 (base 3) to base 4.
-12
What is 12 (base 8) in base 6?
14
Convert -6 (base 11) to base 9.
-6
What is -31 (base 10) in base 8?
-37
204 (base 7) to base 16
66
What is 30 (base 4) in base 2?
1100
What is -214 (base 5) in base 3?
-2012
What is 13 (base 11) in base 10?
14
-99 (base 12) to base 4
-1311
a0 (base 13) to base 16
82
What is 2 (base 11) in base 6?
2
1 (base 4) to base 6
1
-1 (base 15) to base 8
-1
Convert -2 (base 7) to base 5.
-2
Convert 4 (base 12) to base 6.
4
Convert 4 (base 6) to base 16.
4
Convert -12 (base 4) to base 9.
-6
Convert 1b (base 14) to base 7.
34
Convert 11 (base 8) to base 13.
9
Convert -11 (base 15) to base 6.
-24
What is -333 (base 6) in base 5?
-1004
7 (base 12) to base 4
13
-203 (base 5) to base 6
-125
51 (base 7) to base 12
30
-1 (base 11) to base 16
-1
What is -6 (base 10) in base 11?
-6
Convert -b (base 14) to base 8.
-13
4 (base 16) to base 13
4
4 (base 14) to base 13
4
Convert -31 (base 15) to base 16.
-2e
What is -43 (base 8) in base 12?
-2b
0 (base 5) to base 12
0
What is 3 (base 4) in base 11?
3
What is -3 (base 10) in base 16?
-3
What is -60 (base 16) in base 9?
-116
What is -4 (base 8) in base 7?
-4
-23 (base 5) to base 6
-21
What is -70 (base 9) in base 2?
-111111
Convert b (base 14) to base 10.
11
What is 31 (base 11) in base 12?
2a
1332 (base 5) to base 16
d9
What is -9 (base 15) in base 2?
-1001
Convert 1 (base 15) to base 11.
1
Convert -4 (base 5) to base 2.
-100
What is 211 (base 3) in base 14?
18
What is 17 (base 13) in base 16?
14
Convert 6 (base 16) to base 13.
6
Convert -60 (base 16) to base 15.
-66
Convert 2 (base 11) to base 2.
10
What is -2 (base 4) in base 14?
-2
What is 27 (base 14) in base 15?
25
Convert -1 (base 15) to base 4.
-1
What is 0 (base 4) in base 16?
0
Convert -11c (base 16) to base 3.
-101112
-272 (base 8) to base 3
-20220
-1 (base 2) to base 9
-1
What is 4 (base 8) in base 4?
10
Convert -39 (base 12) to base 2.
-101101
Convert -22 (base 9) to base 16.
-14
-10 (base 8) to base 11
-8
What is 11021 (base 3) in base 11?
a5
Convert 103 (base 6) to base 15.
29
9 (base 14) to base 11
9
What is -17 (base 9) in base 3?
-121
What is 2002 (base 3) in base 12?
48
-2 (base 16) to base 8
-2
-10 (base 2) to base 9
-2
What is 100101110 (base 2) in base 9?
365
Convert -1003 (base 5) to base 11.
-107
Convert -1001 (base 2) to base 11.
-9
Convert -47 (base 12) to base 5.
-210
c (base 14) to base 13
c
Convert -8 (base 11) to base 14.
-8
127 (base 9) to base 3
10221
Convert -73 (base 12) to base 3.
-10020
What is 2 (base 6) in base 7?
2
2 (base 12) to base 16
2
-3022 (base 4) to base 7
-406
What is 29 (base 12) in base 7?
45
What is 45 (base 6) in base 11?
27
Convert -21 (base 6) to base 11.
-12
Convert -44 (base 6) to base 5.
-103
Convert -15 (base 12) to base 7.
-23
Convert 3d (base 14) to base 13.
43
Convert 7 (base 8) to base 3.
21
What is 12 (base 8) in base 15?
a
90 (base 12) to base 15
73
-3 (base 9) to base 6
-3
1 (base 10) to base 9
1
Convert 11102 (base 3) to base 12.
9b
0 (base 10) to base 14
0
Convert 41 (base 8) to base 15.
23
4 (base 10) to base 6
4
1 (base 13) to base 9
1
What is 103 (base 4) in base 16?
13
b (base 16) to base 10
11
Convert -66 (base 8) to base 7.
-105
-5 (base 11) to base 13
-5
What is 3 (base 16) in base 8?
3
Convert -1 (base 11) to base 14.
-1
What is 3 (base 12) in base 8?
3
What is 6 (base 12) in base 14?
6
26 (base 12) to base 9
33
What is 1 (base 11) in base 9?
1
Convert -2 (base 6) to base 12.
-2
230 (base 5) to base 14
49
What is 2 (base 11) in base 3?
2
Convert -351 (base 6) to base 12.
-b7
-241 (base 5) to base 3
-2122
11 (base 10) to base 11
10
What is -110 (base 7) in base 9?
-62
-68 (base 11) to base 13
-59
What is 26 (base 10) in base 15?
1b
2 (base 10) to base 8
2
What is 1 (base 14) in base 2?
1
Convert 113 (base 5) to base 11.
30
What is -13 (base 12) in base 5?
-30
Convert -143 (base 7) to base 2.
-1010000
Convert 3 (base 8) to base 9.
3
Convert -1 (base 15) to base 9.
-1
6 (base 13) to base 12
6
What is 2 (base 5) in base 16?
2
What is -110 (base 2) in base 14?
-6
What is -3 (base 14) in base 7?
-3
Convert 20 (base 8) to base 7.
22
Convert -21 (base 4) to base 10.
-9
What is -10 (base 5) in base 15?
-5
What is -10101001 (base 2) in base 8?
-251
54 (base 16) to base 13
66
Convert -1130 (base 4) to base 2.
-1011100
What is -12 (base 16) in base 6?
-30
33 (base 6) to base 12
19
Convert -11 (base 2) to base 12.
-3
-33 (base 16) to base 12
-43
What is 4 (base 9) in base 6?
4
What is 11 (base 8) in base 15?
9
10 (base 2) to base 6
2
Convert -101 (base 7) to base 3.
-1212
What is -52 (base 6) in base 14?
-24
Convert 2 (base 6) to base 9.
2
Convert -2 (base 16) to base 5.
-2
What is 303 (base 4) in base 10?
51
1 (base 12) to base 10
1
Convert -3 (base 12) to base 2.
-11
